66?
8
What is the tens digit of 21182?
8
What is the tens digit of 1225335?
3
What is the hundreds digit of 683295?
2
What is the thousands digit of 7882427?
2
What is the hundreds digit of 169621?
6
What is the thousands digit of 1359977?
9
What is the thousands digit of 6505863?
5
What is the units digit of 44848?
8
What is the hundred thousands digit of 5495135?
4
What is the thousands digit of 58116?
8
What is the thousands digit of 2645420?
5
What is the millions digit of 9130567?
9
What is the thousands digit of 585729?
5
What is the ten thousands digit of 81094?
8
What is the hundreds digit of 176261?
2
What is the hundreds digit of 268130?
1
What is the tens digit of 237262?
6
What is the units digit of 185597?
7
What is the hundreds digit of 112120?
1
What is the hundreds digit of 1198422?
4
What is the thousands digit of 457047?
7
What is the millions digit of 4605171?
4
What is the units digit of 5180364?
4
What is the tens digit of 858797?
9
What is the thousands digit of 13066290?
6
What is the tens digit of 1078940?
4
What is the hundred thousands digit of 5399504?
3
What is the ten thousands digit of 19374599?
7
What is the ten thousands digit of 97045?
9
What is the units digit of 207716?
6
What is the units digit of 338743?
3
What is the hundreds digit of 647739?
7
What is the hundred thousands digit of 8176094?
1
What is the ten thousands digit of 1046686?
4
What is the hundreds digit of 1713321?
3
What is the tens digit of 57861?
6
What is the thousands digit of 387839?
7
What is the tens digit of 2173858?
5
What is the tens digit of 18910751?
5
What is the hundred thousands digit of 6176779?
1
What is the thousands digit of 2840824?
0
What is the ten thousands digit of 1667381?
6
What is the hundred thousands digit of 142973?
1
What is the ten thousands digit of 436777?
3
What is the tens digit of 5006283?
8
What is the tens digit of 779747?
4
What is the thousands digit of 663013?
3
What is the hundred thousands digit of 282647?
2
What is the ten thousands digit of 630819?
3
What is the hundreds digit of 1123090?
0
What is the ten thousands digit of 9137706?
3
What is the ten thousands digit of 1153988?
5
What is the thousands digit of 17024?
7
What is the hundred thousands digit of 311183?
3
What is the tens digit of 557603?
0
What is the millions digit of 2827237?
2
What is the hundred thousands digit of 14423600?
4
What is the ten millions digit of 19844273?
1
What is the thousands digit of 3287800?
7
What is the thousands digit of 256022?
6
What is the hundreds digit of 72244?
2
What is the ten thousands digit of 21037811?
3
What is the hundreds digit of 6568264?
2
What is the units digit of 10392?
2
What is the units digit of 231485?
5
What is the ten thousands digit of 66364?
6
What is the hundred thousands digit of 1058374?
0
What is the thousands digit of 3183562?
3
What is the units digit of 7350684?
4
What is the millions digit of 4268819?
4
What is the ten thousands digit of 122579?
2
What is the units digit of 2545298?
8
What is the hundreds digit of 476100?
1
What is the hundreds digit of 1420376?
3
What is the hundreds digit of 425040?
0
What is the hundreds digit of 16252?
2
What is the thousands digit of 4082?
4
What is the hundreds digit of 1025890?
8
What is the ten thousands digit of 1220712?
2
What is the hundreds digit of 520488?
4
What is the thousands digit of 1532968?
2
What is the hundreds digit of 3873162?
1
What is the ten thousands digit of 1125831?
2
What is the ten thousands digit of 21063727?
6
What is the units digit of 53030?
0
What is the units digit of 33304?
4
What is the units digit of 76789?
9
What is the millions digit of 10021686?
0
What is the millions digit of 8438394?
8
What is the hundreds digit of 121221?
2
What is the tens digit of 499992?
9
What is the millions digit of 1448140?
1
What is the thousands digit of 2839029?
9
What is the hundred thousands digit of 1291186?
2
What is the thousands digit of 626480?
6
What is the units digit of 63668?
8
What is the ten thousands digit of 225709?
2
What is the thousands digit of 217961?
7
What is the tens digit of 352023?
2
What is the ten thousands digit of 972475?
7
What is the thousands digit of 82009?
2
What is the hundred thousands digit of 7947831?
9
What is the tens digit of 907449?
4
What is the hundred thousands digit of 6157827?
1
What is the thousands digit of 15411224?
1
What is the ten thousands digit of 2308183?
0
What is the hundreds digit of 13154926?
9
What is the hundred thousands digit of 746707?
7
What is the hundreds digit of 225668?
6
What is the hundred thousands digit of 156350?
1
What is the units digit of 1248377?
7
What is the thousands digit of 15111561?
1
What is the hundreds digit of 5652190?
1
What is the thousands digit of 3070603?
0
What is the thousands digit of 6585681?
5
What is the millions digit of 3804608?
3
What is the thousands digit of 905933?
5
What is the millions digit of 26707770?
6
What is the ten thousands digit of 59917?
5
What is the units digit of 131237?
7
What is the units digit of 469407?
7
What is the ten thousands digit of 1077271?
7
What is the thousands digit of 919554?
9
What is the millions digit of 26874399?
6
What is the thousands digit of 6449328?
9
What is the hundred thousands digit of 13324560?
3
What is the hundreds digit of 4180395?
3
What is the units digit of 22402526?
6
What is the ten thousands digit of 6399679?
9
What is the tens digit of 265012?
1
What is the hundreds digit of 4556111?
1
What is the hundred thousands digit of 600417?
6
What is the thousands digit of 5597303?
7
What is the tens digit of 546567?
6
What is the units digit of 431741?
1
What is the tens digit of 381083?
8
What is the thousands digit of 763140?
3
What is the hundreds digit of 6072202?
2
What is the thousands digit of 14333408?
3
What is the tens digit of 67174?
7
What is the hundred thousands digit of 375595?
3
What is the hundreds digit of 1373335?
3
What is the hundreds digit of 4954866?
8
What is the ten thousands digit of 12358812?
5
What is the hundreds digit of 17680134?
1
What is the hundreds digit of 6313701?
7
What is the hundred thousands digit of 491826?
4
What is the millions digit of 4781150?
4
What is the hundreds digit of 5495263?
2
What is the millions digit of 16635436?
6
What is the hundreds digit of 8851702?
7
What is the millions digit of 18581957?
8
What is the hundreds digit of 137722?
7
What is the hundred thousands digit of 340816?
3
What is the thousands digit of 22078764?
8
What is the thousands digit of 578772?
8
What is the hundreds digit of 62348?
3
What is the units digit of 26509?
9
What is the ten thousands digit of 9210330?
1
What is the ten thousands digit of 162351?
6
What is the hundred thousands digit of 262616?
2
What is the hundred thousands digit of 2862449?
8
What is the hundreds digit of 5639706?
7
What is the hundred thousands digit of 1384889?
3
What is the units digit of 838446?
6
What is the hundred thousands digit of 2142722?
1
What is the tens digit of 285398?
9
What is the tens digit of 172235?
3
What is the ten thousands digit of 674151?
7
What is the hundred thousands digit of 218932?
2
What is the hundred thousands digit of 122418?
1
What is the tens digit of 226939?
3
What is the units digit of 7165484?
4
What is the hundred thousands digit of 1026242?
0
What is the millions digit of 3213252?
3
What is the tens digit of 23765529?
2
What is the ten thousands digit of 4320951?
2
What is the tens digit of 61786?
8
What is the units digit of 854818?
8
What is the units digit of 61595?
5
What is the tens digit of 1598540?
4
What is the ten thousands digit of 194450?
9
What is the millions digit of 9529094?
9
What is the hundred thousands digit of 220539?
2
What is the hundreds digit of 1619878?
8
What is the ten thousands digit of 2098343?
9
What is the hundred thousands digit of 534119?
5
What is the thousands digit of 33561653?
1
What is the millions digit of 12425365?
2
What is the ten thousands digit of 1265913?
6
What is the thousands digit of 310720?
0
What is the ten thousands digit of 2932209?
3
What is the hundreds digit of 384407?
4
What is the thousands digit of 10656292?
6
What is the millions digit of 1428157?
1
What is